 be the third derivative of -c**7/2520 + c**6/360 + c**5/15 - 7*c**4/8 - c**3/6 + 79*c**2. Let b(u) be the second derivative of j(u). Determine b(4).
0
Suppose 0*l - 3*l - 5*h - 209 = 0, -2*l = -h + 135. Let t = l - -60. Let n(w) = 0*w - w**3 - 8 - 2*w - 2 - 22*w**2 + 14*w**2. What is n(t)?
6
Let x(i) = i**2 + i - 7. Suppose -232 = -41*d - 150. Calculate x(d).
-1
Suppose i - 37 = -38. Let t(z) be the first derivative of -5*z**3/3 - z**2 - 2*z + 4310. Determine t(i).
-5
Suppose 0 = -6*t + 251 - 239. Let j be ((-28)/(-42))/(t/(-3)). Let d(p) = -p**2 - 2*p - 1. Calculate d(j).
0
Let k(h) = 19*h + 1. Let g(d) = 60*d + 256. Let y be g(-4). Suppose i = -3*n - 7, -n + 12*i = y*i + 17. Determine k(n).
-18
Let n(j) = -144*j + 420*j - 30*j**2 - 127*j - 147*j. What is n(-1)?
-32
Suppose -7*w = -425 - 114. Let a(o) = 73 - w + 0*o**3 - 5*o + 6*o**2 - o**3. What is a(5)?
-4
Let k(t) = t**3 - 4*t**2 + 2*t + 7. Let h be (12 + -61)/(4/32). Let j = h + 395. Calculate k(j).
4
Suppose 71*u - 73*u + 26 = 4*b, 0 = -3*u + 5*b - 5. Let t(w) = -w**3 + 4*w**2 + w + 7. Calculate t(u).
-13
Suppose 328*s = 120*s + 3744. Let o(f) = -f**2 + 19*f + 10. What is o(s)?
28
Let l = -17 + 9. Let o be l*(1*2 + 8 + -11). Let m(d) = -d**3 + 9*d**2 - 3*d - 5. Determine m(o).
35
Let q(z) = 24*z**3 - z**2 - 11. Let p(f) = 48*f**3 - 2*f**2 + f - 19. Let j(d) = 3*p(d) - 5*q(d). What is j(1)?
24
Let h be 2/6*((2 - 1) + 2). Let y = -6 + 9. Let o(x) = x**2 + 0*x - 14*x**y + x + x - x - 1. Calculate o(h).
-13
Let r be (-7 - (-28)/2) + -196. Let x = r + 195. Let a(u) = -u**3 + 5*u**2 + 5*u - 6. Give a(x).
-12
Suppose 37*w + 20*w = -36*w - 651. Let k(m) = -m**3 - 10*m**2 - 6*m - 6. What is k(w)?
-111
Let l(s) = 8*s**2 + 381*s - 149. Let t be l(-48). Let c(m) = m**2 + 4*m + 24. Give c(t).
29
Let s(k) = -5 - 5 + 8 + 5*k**2 + 17*k + 1 + k**3 - 15*k. Let z be ((-9)/(-6))/((-3)/4). Let m be 13/z + 6/4. Give s(m).
-11
Let d(x) = -131*x + 520. Let n be d(4). Let u(f) = 10*f - 5. Give u(n).
-45
Suppose 156*o - 24 = 141*o + 6. Let x(a) be the second derivative of a**4/6 - a**3/6 - a**2 + 2*a. What is x(o)?
4
Let k(d) = 9*d**2 - 80*d + 29. Let u(c) = -5*c**2 + 44*c - 14. Let w(s) = 4*k(s) + 7*u(s). Calculate w(14).
46
Let y(i) = 6*i - 301. Let f be (-48)/(-1) + (-6)/15*260/104. Calculate y(f).
-19
Let h(p) = 2*p**2 - 13*p + 2. Suppose c = -51*c - 17316. Let t = c - -339. Give h(t).
-4
Suppose -22 = -2*r + u, 2*r + 6*u - u + 2 = 0. Let s(a) = -5 - 10*a - 12*a + 0 + 3 + 21*a. Give s(r).
-11
Let k be (63/(-12))/(1/(-4)). Suppose -k = -3*m - 2*g - g, -3*g + 3 = 0. Let t(f) = m*f - 3*f**2 + 20*f**3 - 21*f**3 - 3*f + 5*f**2. Give t(3).
0
Let l(o) be the third derivative of -o**6/120 + 3*o**5/10 + 7*o**4/8 - 29*o**3/6 + 429*o**2. Determine l(19).
9
Let a(t) = 1. Let q(z) = 3*z + 76. Let d(i) = -i - 22. Let b(g) = -7*d(g) - 2*q(g). Let v be 0/3 + 1 + -3. Let s(p) = v*a(p) + 2*b(p). Give s(3).
8
Let p(a) = -2*a**2 - 9*a - 8. Let v(x) = -3*x**2 - 14*x - 17. Let k(t) = 5*p(t) - 3*v(t). Suppose -w + 2*b = -2 - 4, 3*w + b = -17. Calculate k(w).
7
Let c be 2/(-4)*6*-1. Let j(u) be the second derivative of -u**4/24 - 30*u**2 + 92*u. Let f(a) be the first derivative of j(a). Give f(c).
-3
Let f be 2 + (-4)/(-8)*0. Suppose f*v = v. Let i(a) = 9*a**2 + 16*a - 24. Let d(o) = 5*o**2 + 9*o - 12. Let p(s) = -7*d(s) + 4*i(s). Calculate p(v).
-12
Let h(l) be the first derivative of -3 + l + 11/2*l**2. Suppose 0 = -13*q + 8*q + 15, 3*n = q - 6. Determine h(n).
-10
Suppose 10*f - 5*f = 10. Suppose -f*b - 7 = -11. Suppose -b*n - r - 9 = 0, 6 = n - r - 2*r. Let m(o) = -o - 1. Give m(n).
2
Let k(x) = -x**3 + 14*x**2 + 15*x + 8. Let m be 14/21 + (1 - (-30)/(-18)) - -15. Determine k(m).
8
Let f = 384 + 84. Suppose 4*u = 3*v - 0*v + 6, u = -5*v + 13. Let y(l) = f*l - l**2 - 8*l**v - 467*l. Calculate y(-1).
-10
Suppose -22 = -c - 2*s, -2*c - s - 4*s = -45. Let b(h) = 6*h + 71. Let p be b(-9). Suppose -p*r + 12*r - c = 0. Let z(d) = d**3 + 6*d**2 + 5*d. Determine z(r).
12
Suppose 1966 = -8*h + 1990. Let n(q) = -q**2 + 6*q + 4. Give n(h).
13
Let c(q) be the first derivative of q**3/3 - 3*q**2/2 - 33*q - 967. Determine c(8).
7
Let j(m) = 1021*m + 10 - 2364*m - m**3 + 1327*m - 9*m**2. Determine j(-6).
-2
Let x(l) be the third derivative of -l**4/3 + 139*l**3/3 + 8632*l**2. Calculate x(34).
6
Let t = 49749 + -49743. Let y(g) = -2 - g + 12 - 3. Give y(t).
1
Let g(v) be the first derivative of -v**4/4 - 14*v**3/3 + 33*v**2/2 + 27*v + 1668. Give g(-16).
11
Let m(v) = 5*v**2 + 4*v - 8. Let i(b) = -13*b**2 - 12*b + 23. Suppose -88 = 16*s + 40. Let p(n) = s*m(n) - 3*i(n). What is p(7)?
-26
Let s(g) = -3*g + 123. Let t be s(11). Suppose 29*o = 84 + t. Let p(m) = -m**3 + 7*m**2 - 5*m + 4. Give p(o).
10
Let s(f) = -f**2 + 9*f + 6. Suppose -6*u = -2*u + 360. Let p = -62 - u. Let j be (-65)/(-7) - 8/p. Determine s(j).
6
Let c(g) = -g - 17. Suppose -8*f - 2 = -50. Let q = 8 - -88. Suppose f*x - 18*x = q. What is c(x)?
-9
Let g(w) be the third derivative of -5*w**4/4 - w**3/2 - 2*w**2 - 86. Let o(a) = 17*a + 2. Let u(r) = 4*g(r) + 7*o(r). Let z = 4 - 1. Give u(z).
-1
Let d(z) = 7*z**3 + 4*z**2 + z - 2. Let r(w) = -w**3 - w**2 - w. Let x be 5 - (-2 + -4 - -12). Let g(f) = x*d(f) - 4*r(f). What is g(-2)?
20
Let i(j) = -16*j - 20. Let x(k) = -24*k - 33. Let l(f) = 8*i(f) - 5*x(f). Determine l(-7).
61
Let m(n) = 23*n - 249. Let y(k) = -11*k + 149. Let b(t) = 3*m(t) + 5*y(t). Determine b(2).
26
Let t(o) = o**2 + 2*o - 1. Suppose 5*h + 56 = 176. Suppose 2*u + h = -4*u. Calculate t(u).
7
Let n(x) = -442*x**2 + 447*x**2 - 1 - x**3 + 8*x - 7. Let m = 0 + 6. What is n(m)?
4
Let b(l) = 3*l - 3. Let v(z) = z**2 + 19*z + 50. Let g be v(-16). Suppose -g*r - 6 + 0 = 4*f, r = 5*f - 3. Give b(r).
-12
Let z(o) = -4 - o**2 - 10*o + 7*o + 7*o. Suppose 0 = -6*l + 4*l + 6. Suppose -2*n - 12 = -l*n + 4*j, -3*n + 8 = 2*j. What is z(n)?
-4
Let w(q) = q**2 - 2*q - 1. Suppose 3*l - 268 = 2*p, 2*l - 3*l + 72 = -5*p. Suppose 0*v - l = -4*v. Let d = -26 + v. What is w(d)?
14
Let s(o) = o**3 + 3*o**2 + 4*o - 15. Let m(h) = h**3 + h**2 + 2*h - 17. Let b(u) = 5*m(u) - 6*s(u). Give b(-12).
29
Let p = 821 - 828. Let s(j) = 3*j**2 + 25*j + 4. What is s(p)?
-24
Let t(x) = 16*x**3 + 47*x**2 - 510*x - 52. Let o(c) = -3*c**3 - 9*c**2 + 102*c + 10. Let y(j) = -11*o(j) - 2*t(j). What is y(8)?
10
Suppose -148 = 4*m - y, 2*m - 2*y = 3*y - 92. Let v = m + 47. Let n(a) = -7*a**2 + 3 - v + 9*a**3 - 22*a**3 + 12*a**3 - 7*a. Determine n(-6).
-2
Let r(u) be the second derivative of 5*u**3/2 - 233*u**2/2 + 56*u. Let v be r(15). Let y(z) = -z**2 - 8*z - 8. What is y(v)?
-8
Let g be -3 - (-54)/36*(-20)/(-6). Let x(r) = -2*r - 3*r**g + 7*r**2 + 2*r**2 + 0*r**2 + 5*r**3 - 8 - 4*r**3. Determine x(-6).
4
Let f(t) be the third derivative of -t**4/8 + 5*t**3 - 2*t**2 - 72. Let h = -342 - -351. What is f(h)?
3
Let w(m) = 47. Let j(h) = -h + 38. Let l(c) = 3*j(c) - 2*w(c). What is l(11)?
-13
Let h = -632 + 653. Suppose 15*b - h = -6. Let q(p) = -2*p - 2. Give q(b).
-4
Let y(a) = a**2 + 71*a + 844. Let x be y(-56). Let t(v) = 0*v + 8*v - v**2 - 5 - 4. Calculate t(x).
7
Let o be 24/44 - 426/(-66). Let t(w) = -4*w**2 + 30*w - 9. Give t(o).
5
Let t(g) be the third derivative of -55*g**2 - 1/60*g**5 + 0 + 1/6*g**4 + 0*g + 1/2*g**3. What is t(-2)?
-9
Suppose 2*n + 2 = -m + 3*m, -n = -5*m + 17. Let j(t) be the first derivative of -4 + t + 2 + 8 - n*t**3. Give j(-1).
-8
Let n(b) be the second derivative of b**5/20 + 5*b**4/12 + 5*b**3/6 + 5*b**2/2 + 2542*b. Let p = -6 + 2. Determine n(p).
1
Let f = -973 - -975. Let u(c) = -2 + 4*c**2 - 121*c**3 + 61*c**3 - f*c + 0*c**2 + 61*c**3. Give u(2).
18
Suppose -26*x + 21*x + 500 = 0. Let c = x - 99. Let g(n) = 3*n + 5*n - 2*n + 2*n + c. Calculate g(2).
17
Let v(o) = 61 - 73 - o + 13. Let a be 15/(2 + -2 + 1). Suppose -5*k + a = -2*q, 2*k - q = -3*k + 15. What is v(k)?
-2
Let o(q) = -143*q + 18. Let y be o(3). Let g = 405 + y. Let h(x) = -x**3 - 7*x**2 - 7*x - 8. What is h(g)?
-2
Let r = 138 + -77. Let o = r + -57. Let l(v) = -7*v**2 + 10*v - 10. Let p(x) = -x**2 + x - 1. Let c(s) = -l(s) + 6*p(s). Give c(o).
4
Let f = -16 - -24. Let c(i) = -7*i - 5*i + 10*i - f + i. What is c(10)?
-18
Let b(w) be the third derivative of w**5/60 + 5*w**4/8 + 4*w**3/3 - 380*w**2. Determine b(-1